)*(42 - 39) a composite number?
True
Let w be 497471/119 - 9 - (-6)/(-14). Suppose -12048 = -7*z + w. Is z composite?
True
Let r(p) = -21 + p + 45*p**2 + 6 + 10. Let x be r(2). Suppose x = w - 154. Is w a composite number?
False
Let h(t) be the first derivative of -107*t**4/4 + 4*t**3/3 + 3*t**2/2 + 6*t + 49. Let u be h(-3). Suppose -u = 13*y - 7849. Is y a composite number?
False
Let a(r) = 723*r**2 + 771*r + 179. Is a(-17) a prime number?
False
Let c be (-16)/(-7) + (-40)/140. Let t(w) = 73*w**3 - 3*w**2 - w + 4. Let k be t(c). Let l = k - -59. Is l a composite number?
True
Suppose -x + 2*p - 159912 = -2*p, 3*x + 3*p + 479691 = 0. Is (-2)/23 - x/575 prime?
False
Let i be (-606)/(-14) - (-1 + (-18)/(-14)). Let q = i - 41. Suppose -590 = -q*v - 0. Is v prime?
False
Let p(d) = -3*d**2 - 8*d - 2. Let j be p(-2). Let w(c) = 3032*c + 23. Is w(j) composite?
True
Let t = -5844 + 18265. Is t prime?
True
Let u = 406 + -400. Is 3 - ((-19556)/7 - u/21) a prime number?
True
Let p be (-157796)/30 + (-18)/135. Let w = p + 8853. Is w composite?
False
Let j(f) = f**3 + 16*f**2 + 14*f - 11. Let z be j(-15). Let d = z + -4. Suppose d = -5*o + 628 - 53. Is o a composite number?
True
Let y(t) = 2*t**2 + 8*t - 2. Let z(k) = -k**3 - 14*k**2 + 2*k + 31. Let o be z(-14). Let l be (o - 68/(-4)) + (-1 - -1). Is y(l) a composite number?
True
Suppose h + 31 = -2*y + 35, -4*h + 10 = 2*y. Suppose 0 = -5*k - 4*q + 27, -2*k + 5*q - 12 = -3. Suppose -2*l + 751 = 5*z, -4*l + 1497 = h*z + k*z. Is l prime?
True
Suppose 3*k = -3*g + 5076, -g - 3*g - 1682 = -k. Let f = 3021 + k. Is f a composite number?
True
Suppose t = -2*a + 1597501, t - 714 + 715 = 0. Is a a prime number?
True
Let n = -21802 + 40301. Let d = n + -10016. Is d composite?
True
Suppose 14 = 3*k + 26, -3*v - k + 233 = 0. Suppose 80*b - v*b = 2099. Is b composite?
False
Let r be 3632*(-3)/(-3)*2. Suppose 2*h + v = 3518, -4*v - 1987 + r = 3*h. Is h prime?
True
Let z = -107 + 112. Let l(y) = y**3 - 2*y**2 - 2*y. Let p be l(3). Suppose -4*s = -z*t - 2403 - 3000, p*t = -4*s + 5443. Is s prime?
False
Let i(g) = -5*g + 3. Let n(w) be the second derivative of -5*w**3/6 - w**2 - 8*w. Let k be n(0). Is i(k) prime?
True
Suppose 2*a = 5*d - 811, 2*d + 83 = -4*a + 393. Let n(r) = -195*r - 2 + 15 + d*r. Is n(-7) a prime number?
True
Let z(t) = -6*t**3 + 36*t**2 + 399*t - 71. Is z(-26) a prime number?
False
Let k = 32688 + -23459. Is k a composite number?
True
Let m(x) = 162*x + 1. Let l(w) = -w**3 + w**2 - 2*w + 2. Let d be l(2). Let p = -5 - d. Is m(p) prime?
True
Suppose 5*b + 32 = 3*h, -h + 2*b + 10 = -0*b. Is 2*(-2149)/h*-3 prime?
False
Let l = -130 - -87. Let i = 45 + l. Is (2/(-2 - i))/(19/(-4826)) prime?
True
Suppose 0 = 2*g - 4*p - 17136, 0 = 5*g + 2*p - 53749 + 10933. Let y = 14461 - g. Is y a prime number?
True
Let q(v) = v**2 - 3*v - 5. Let f be q(5). Let j(r) = -3*r + 108*r**2 + 7*r - 1 - 3*r + f*r. Is j(-4) a prime number?
False
Is 1951426/(-129)*(-9)/(-6)*-11 composite?
True
Suppose u + t - 269933 = 0, 3*u + 4*t = -349743 + 1159536. Is u a composite number?
False
Is 402/1005*201675/6 prime?
False
Suppose m - 1 = 0, -n + 2*m = 4 - 5. Suppose r = -n*r - 0*r. Is (428/2 - r)*1 - 1 a prime number?
False
Suppose -43*f + 104*f - 1929857 = 0. Is f composite?
True
Suppose 2*d + 37 = 5*s, -5*d = -4*s - 0*s + 33. Let q(b) = -b**2 + 3*b + 1. Let n be q(s). Is ((-36)/n)/((-4)/(-174)) composite?
True
Suppose -y + 1588 + 812 = 0. Let f = -2396 + 1493. Let i = f + y. Is i composite?
True
Let n(h) = 84*h**2 - 72*h + 26. Let u be n(18). Let v = u - 17467. Is v composite?
True
Let r = 20 - 15. Suppose 0 = i - r*b - 88 - 380, i + 4*b - 423 = 0. Suppose -5*t + 1802 + i = 0. Is t a prime number?
True
Let b(l) = 0*l**2 - 294 - 2*l**2 + 147 - 3043*l**3 + 144 - 3*l. Is b(-1) a prime number?
True
Suppose -10*x = -6*x + 288. Let b be ((-645)/9 + 2)/(6/x). Suppose -5*v + 0*v = -p + b, -5*v = -3*p + 2478. Is p prime?
True
Let c(n) = 5*n**3 - 6*n + 3. Let h(q) = -9*q**3 + q**2 + 12*q - 5. Let m(d) = 7*c(d) + 4*h(d). Let f be m(-6). Suppose 4*l - f = -l. Is l a prime number?
False
Let i be -3 - 59 - 10/5. Let v = i + 73. Is (-190)/45 + 4 - (-713)/v prime?
True
Suppose -3*v + 5*v - 8 = 0. Let z(s) = 1456*s + 63. Let l be z(7). Suppose 2*r - 4465 - 658 = -y, v*r - y = l. Is r a prime number?
False
Let r be (-104 + 1)*1 - 2. Let b = r - -99. Is (-2803)/b + 10/(-60) prime?
True
Suppose 12*f - 2*u + 62203 = 13*f, 3*f + u - 186574 = 0. Is f composite?
False
Suppose 119*c = -20*c + 3841543. Is c a composite number?
True
Let s be (-4)/6 - 16/(-6). Is s + 1821/(-6)*(-7 + -3) prime?
True
Suppose 405522 = -18*x + 24*x. Is (6/(-9))/(3 - x/22527) a prime number?
True
Suppose -11*o + 14832 = -255185. Is o a prime number?
True
Let z(y) = y**3 - 6*y**2 + 3*y + 15. Let k = 127 - 122. Let d be z(k). Let n = d - -14. Is n composite?
False
Suppose 0 = 3*q - 3*t - 27, 26 = 5*q - 3*t - 23. Suppose -8352 = s - 3*k, -q*s + 2*k + 25067 = -14*s. Is (-1)/(5/s*3) a composite number?
False
Is (6 + (-8363700)/(-48))/(12/16) a prime number?
True
Let k(l) be the second derivative of -l**5/5 - l**4/12 - l**2/2 - 18*l. Let i be k(-1). Is ((-1394)/(-4) + -1 + -2)*i prime?
True
Is (1 - (-11428)/(-6))*(28 - (9 - -22)) a composite number?
False
Suppose 8*b - 2*b + 18 = 0. Let m be ((-1)/b)/((-5)/(-15)). Is 173601/72 - m/8 a prime number?
True
Let w(y) = 9*y**2 + 2*y - 9. Let k(s) = -29*s**2 - 5*s + 28. Let c(l) = -4*k(l) - 11*w(l). Is c(-8) a prime number?
True
Suppose -44*w + 735 = -41*w. Let m = w - -296. Is m a prime number?
True
Is (-2*(-7728567)/28)/((-12)/(-8)) prime?
False
Let w = 14177 - -150544. Is w a prime number?
False
Suppose -17*k - 1894596 = -11*k. Is 3/4 - k/88 a composite number?
True
Let m be (-148)/111*54/(-8). Suppose -m*z + 94469 = 8*z. Is z composite?
False
Is ((-19562)/(-4))/(140/(-40) + -13 - -17) a prime number?
True
Let d(a) = -3155*a + 5. Is d(-10) prime?
False
Let z = -171743 + 378232. Is z prime?
True
Let t(s) = -s**3 + 9*s**2 + 8*s + 22. Let h = 20 - 10. Let b be t(h). Suppose -2794 = -b*p - j, 16 = -3*j + 4. Is p composite?
False
Let g be (((-230)/(-4))/5)/((-3)/(-60)). Let m = -12 + g. Is ((-6)/(-8))/(3/m)*4 prime?
False
Let i(n) = 7694 + 2649*n - 3851 - 3851. Is i(15) a composite number?
False
Suppose -5*b = -5*f + 3*f - 20, -b = 2*f - 4. Suppose b*c = -2*u + 6106, -15225 = -5*u - 12*c + 10*c. Is u a composite number?
True
Suppose -3*x = -0*x - 30. Let f(g) = -28 + 3*g**2 - 6 + 15 + g**2 + 16*g. Is f(x) prime?
True
Suppose -b + 2*k = 0, -22 = 4*b + 5*k + 17. Is (-986)/b*-1*-3 a prime number?
False
Suppose 0 = 10*y - 16041 - 20326 - 30943. Is y prime?
False
Suppose -54*n + 619075 = -102743. Is n a composite number?
False
Suppose 1830861 + 2485119 = 60*i. Is i a prime number?
True
Let i be -3649 + -2 - (20/(-5) - 1). Let f = 15045 + i. Is f composite?
False
Suppose 2*k = 4*x - 1158858, -21*x + 22*x - 2*k - 289707 = 0. Is x prime?
True
Suppose -n + 3*n + 286 = 0. Let c = -961 - -445. Let y = n - c. Is y a composite number?
False
Let u = -115 - -88. Let f = 27 + u. Suppose f = y - 1495 - 236. Is y a prime number?
False
Let d(o) = o**2 - 54*o - 156. Is d(-35) a prime number?
False
Suppose -625961 = -w - 3*f + 10908, 0 = 3*w + f - 1910559. Is w prime?
True
Suppose 2675730 - 7039550 = -20*c. Is c prime?
True
Let r(s) = 124*s**2 - 2*s - 229. Is r(-24) prime?
False
Let v be (-9)/21 + (-249975)/315. Let j = -546 + 209. Let h = j - v. Is h prime?
True
Suppose 3*c + 4 = -s + 13, -c + 3 = 5*s. Is 11/(-55)*(-12115 + s) prime?
True
Suppose 6*v = 8 + 16. Let d be (v/(-30) - 16106/30)*1. Is (d/9)/(2/(12/(-1))) prime?
False
Suppose 0*k = -3*y - 4*k - 17, -2*y - 2 = -2*k. Let r be (-2 + 2)/((-4 - -24)/(-5)). Is (-267)/y + r + 0 composite?
False
Let a(p) = -16*p + 5. Let z be a(0). Suppose -138063 = -z*r + 2*q, -3*r - q = q - 82825. Is r a composite number?
False
Suppose 3*f - 11 = -4*r + 16, -4*r + 2*f + 2 = 0. Suppose -2*m = -3*m + z + 1531, 0 = -5*m + r*z + 7663. Is m a composite number?
True
Suppose 6*p - 2*p + 4*n - 28 = 0, -p + 7 = -4*n. Suppose -13*s + p*s + 5730 = 0. Is s composite?
True
Let z = 12501 - -12760. Is z a prime number?
True
Let a(i) = -119*i**2 + 25*i - 4. Let l be a(-4). Let y = l - -4089. Is y a composite number?
False
Let z be -5 + 4888 - (1